remainder when 55 is divided by 32?
23
Calculate the remainder when 3190 is divided by 73.
51
Calculate the remainder when 201 is divided by 24.
9
Calculate the remainder when 153 is divided by 14.
13
What is the remainder when 28 is divided by 18?
10
What is the remainder when 1647 is divided by 97?
95
What is the remainder when 4391 is divided by 23?
21
What is the remainder when 194 is divided by 13?
12
What is the remainder when 1528 is divided by 149?
38
Calculate the remainder when 3256 is divided by 16.
8
Calculate the remainder when 1762 is divided by 16.
2
What is the remainder when 386 is divided by 334?
52
Calculate the remainder when 2079 is divided by 40.
39
What is the remainder when 71 is divided by 13?
6
What is the remainder when 368 is divided by 107?
47
What is the remainder when 65 is divided by 17?
14
What is the remainder when 338 is divided by 10?
8
Calculate the remainder when 234 is divided by 118.
116
Calculate the remainder when 163 is divided by 37.
15
What is the remainder when 799 is divided by 20?
19
Calculate the remainder when 1411 is divided by 157.
155
What is the remainder when 171 is divided by 16?
11
What is the remainder when 464 is divided by 57?
8
What is the remainder when 25 is divided by 12?
1
Calculate the remainder when 807 is divided by 79.
17
What is the remainder when 9802 is divided by 19?
17
Calculate the remainder when 463 is divided by 8.
7
Calculate the remainder when 881 is divided by 17.
14
What is the remainder when 4666 is divided by 1553?
7
Calculate the remainder when 295 is divided by 88.
31
Calculate the remainder when 171 is divided by 26.
15
Calculate the remainder when 230 is divided by 27.
14
Calculate the remainder when 105 is divided by 29.
18
What is the remainder when 1340 is divided by 268?
0
Calculate the remainder when 1199 is divided by 12.
11
What is the remainder when 131 is divided by 25?
6
Calculate the remainder when 87 is divided by 24.
15
What is the remainder when 746 is divided by 44?
42
What is the remainder when 197 is divided by 100?
97
Calculate the remainder when 2356 is divided by 8.
4
Calculate the remainder when 501 is divided by 54.
15
Calculate the remainder when 206 is divided by 50.
6
What is the remainder when 7817 is divided by 85?
82
Calculate the remainder when 4534 is divided by 11.
2
What is the remainder when 1102 is divided by 48?
46
Calculate the remainder when 255 is divided by 9.
3
What is the remainder when 151 is divided by 81?
70
What is the remainder when 60 is divided by 2?
0
Calculate the remainder when 49 is divided by 18.
13
What is the remainder when 2396 is divided by 160?
156
What is the remainder when 2189 is divided by 129?
125
What is the remainder when 1360 is divided by 340?
0
What is the remainder when 234 is divided by 48?
42
What is the remainder when 672 is divided by 15?
12
What is the remainder when 212 is divided by 77?
58
Calculate the remainder when 1347 is divided by 18.
15
What is the remainder when 329 is divided by 11?
10
Calculate the remainder when 369 is divided by 21.
12
What is the remainder when 486 is divided by 53?
9
Calculate the remainder when 4352 is divided by 33.
29
Calculate the remainder when 1002 is divided by 496.
10
What is the remainder when 139 is divided by 36?
31
What is the remainder when 2637 is divided by 866?
39
Calculate the remainder when 360 is divided by 9.
0
Calculate the remainder when 229 is divided by 133.
96
What is the remainder when 127 is divided by 26?
23
What is the remainder when 823 is divided by 140?
123
What is the remainder when 305 is divided by 9?
8
What is the remainder when 1174 is divided by 28?
26
Calculate the remainder when 915 is divided by 21.
12
Calculate the remainder when 286 is divided by 6.
4
What is the remainder when 151 is divided by 74?
3
What is the remainder when 1562 is divided by 97?
10
What is the remainder when 64 is divided by 3?
1
Calculate the remainder when 349 is divided by 210.
139
What is the remainder when 313 is divided by 32?
25
Calculate the remainder when 473 is divided by 14.
11
What is the remainder when 1423 is divided by 16?
15
What is the remainder when 3535 is divided by 68?
67
Calculate the remainder when 1574 is divided by 175.
174
What is the remainder when 5546 is divided by 146?
144
Calculate the remainder when 1055 is divided by 9.
2
What is the remainder when 411 is divided by 137?
0
What is the remainder when 373 is divided by 94?
91
What is the remainder when 819 is divided by 218?
165
Calculate the remainder when 8731 is divided by 32.
27
Calculate the remainder when 856 is divided by 230.
166
What is the remainder when 134 is divided by 45?
44
Calculate the remainder when 830 is divided by 265.
35
Calculate the remainder when 63 is divided by 13.
11
What is the remainder when 996 is divided by 17?
10
What is the remainder when 127 is divided by 64?
63
Calculate the remainder when 130 is divided by 22.
20
What is the remainder when 87 is divided by 7?
3
Calculate the remainder when 201 is divided by 19.
11
What is the remainder when 266 is divided by 84?
14
What is the remainder when 3078 is divided by 28?
26
What is the remainder when 187 is divided by 84?
19
Calculate the remainder when 1082 is divided by 35.
32
What is the remainder when 1182 is divided by 15?
12
Calculate the remainder when 4358 is divided by 39.
29
What is the remainder when 6286 is divided by 19?
16
Calculate the remainder when 12357 is divided by 206.
203
Calculate the remainder when 103 is divided by 5.
3
What is the remainder when 380 is divided by 7?
2
Calculate the remainder when 1421 is divided by 181.
154
Calculate the remainder when 52 is divided by 27.
25
What is the remainder when 138 is divided by 53?
32
What is the remainder when 154 is divided by 55?
44
Calculate the remainder when 401 is divided by 22.
5
What is the remainder when 164 is divided by 11?
10
What is the remainder when 830 is divided by 282?
266
Calculate the remainder when 142 is divided by 78.
64
Calculate the remainder when 7338 is divided by 10.
8
What is the remainder when 2770 is divided by 63?
61
What is the remainder when 345 is divided by 16?
9
Calculate the remainder when 1683 is divided by 417.
15
Calculate the remainder when 193 is divided by 52.
37
Calculate the remainder when 11341 is divided by 214.
213
What is the remainder when 154 is divided by 31?
30
What is the remainder when 374 is divided by 95?
89
What is the remainder when 3641 is divided by 26?
1
Calculate the remainder when 161 is divided by 33.
29
Calculate the remainder when 203 is divided by 15.
8
What is the remainder when 127 is divided by 44?
39
Calculate the remainder when 131 is divided by 12.
11
What is the remainder when 1204 is divided by 400?
4
What is the remainder when 243 is divided by 17?
5
What is the remainder when 1613 is divided by 3?
2
What is the remainder when 143 is divided by 29?
27
What is the remainder when 395 is divided by 40?
35
What is the remainder when 3550 is divided by 48?
46
What is the remainder when 70 is divided by 30?
10
What is the remainder when 232 is divided by 17?
11
What is the remainder when 1156 is divided by 193?
191
Calculate the remainder when 1903 is divided by 212.
207
What is the remainder when 591 is divided by 33?
30
Calculate the remainder when 124 is divided by 19.
10
Calculate the remainder when 524 is divided by 31.
28
Calculate the remainder when 12036 is divided by 215.
211
What is the remainder when 116 is divided by 36?
8
What is the remainder when 417 is divided by 42?
39
Calculate the remainder when 460 is divided by 151.
7
What is the remainder when 431 is divided by 27?
26
What is the remainder when 50 is divided by 18?
14
What is the remainder when 989 is divided by 162?
17
What is the remainder when 5827 is divided by 124?
123
Calculate the remainder when 527 is divided by 13.
7
What is the remainder when 17 is divided by 13?
4
Calculate the remainder when 132 is divided by 68.
64
What is the remainder when 7090 is divided by 173?
170
What is the remainder when 52 is divided by 48?
4
What is the remainder when 195 is divided by 68?
59
Calculate the remainder when 24324 is divided by 27.
24
Calculate the remainder whe